441/(-9))/7 - 9. Determine i(v).
7
Let a(d) be the first derivative of -d**4/12 - 2*d**3/3 + 2*d + 8. Let n(c) be the first derivative of a(c). Calculate n(-2).
4
Suppose 0 = -2*j + 3*j - 3. Let h(m) = 3*m**2 - m + 0 + m**j - m + 1 - 5. Calculate h(-4).
-12
Suppose -6 = 5*y + 4*s, -4 = -0*y + 4*y + 3*s. Let f(o) = -6*o + 4 - 1 + 0. What is f(y)?
-9
Let l(h) = -h**2 + 9*h - 26. Let w be l(3). Let y(v) = -3*v - 6. Let d(b) = 13*b + 24. Let c(m) = -2*d(m) - 9*y(m). Calculate c(w).
-2
Suppose -4*z + 10 + 2 = 0. Suppose -z*j - 4 = -7*j. Let f(p) = -15*p + 1. Give f(j).
-14
Let l(h) = -3*h**3 - 2*h**2 + 1. Suppose -3 = -3*i + 12. Suppose -i*x = 1 - 21. Suppose 5*z + x*r + 2 = -19, 3*r = -2*z - 14. Calculate l(z).
2
Let j(c) = -6*c**3 - 4*c**3 + 4 - 12*c**2 + 21 + c**3. Let x(t) = -5*t**3 - 6*t**2 + 13. Let v(o) = -6*j(o) + 11*x(o). Determine v(6).
-7
Let p(v) = v**2 - 2*v - 1. Suppose j - 3*k - 8 = 0, 0 = 2*j - 6*j + k + 10. Suppose 17 = 4*z + o, -3*z + j*o = 3*o - 13. What is p(z)?
7
Let v(n) be the second derivative of n**4/12 + n**3 + 3*n**2/2 - 28*n. Determine v(-4).
-5
Let l(f) be the third derivative of -f**4/24 + 2*f**3/3 - f**2 + 2655*f + 1. Suppose -2 = -o + 3. Give l(o).
-1
Let d(a) = a - 1. Let c be (-1260)/(-80) - 1/(-4). Suppose -3*x - 2*w - 4 = 3*w, w - c = -3*x. Determine d(x).
6
Let l = -401 - -400. Let y(h) = -h**3 - 2*h**2 + 1. What is y(l)?
0
Let b = 426 - 430. Let c(a) = a**3 + 4*a**2 + 2*a - 4. Give c(b).
-12
Let q(v) = -v**2 + 3. Suppose 0 = 4*s - 5*s - 2. Suppose -25*g + 24*g = 5. Let u = g - s. What is q(u)?
-6
Let k(m) = -m**2 - 11*m - 4. Let i(a) = a**3 + 5*a**2 - 3*a + 9. Let s be i(-6). What is k(s)?
14
Let i(u) be the first derivative of u + 19 - 1/2*u**2. Calculate i(5).
-4
Let d(q) = 5*q + 9. Let k be 44/(-16) + 1155/132. Calculate d(k).
39
Suppose 0 = 2*l + 46 - 56. Suppose l*i - 32 + 17 = 0. Suppose i + 3 = k. Let p(o) = -o**3 + 5*o**2 + 8*o - 9. Give p(k).
3
Let y(s) = -26*s. Let t = 1793 - 1795. Give y(t).
52
Let l(v) be the second derivative of 0*v**3 + 0 + 3/2*v**2 + 1/20*v**5 + 1/4*v**4 + 9*v. What is l(-3)?
3
Let c(k) = -3*k**2 - 5*k - 10. Let r = -1986 + 1982. Calculate c(r).
-38
Let t(x) be the first derivative of 5*x**2/2 + 4. Suppose -z = 2*z - 3. What is t(z)?
5
Suppose -5*g + 3*a - 5 = 0, 3*g + 2*g = 4*a - 10. Let o(w) = 3*w**2 + 8*w + w - w**3 + 6 + 5 + 4*w**g. What is o(8)?
19
Suppose 0 = -q - 24 - 5. Let f = q - -30. Let c be 0 - (f + -2 + 3). Let v(d) = -9*d - 2. Determine v(c).
16
Let u(m) = -m**2 - m - 21. Let j = 49 - 49. Suppose -4*x = -a - 3*x, 5*a - 4*x = j. Determine u(a).
-21
Let m(v) be the first derivative of 2*v**3 + 1/4*v**4 - 1/2*v**2 + 6 - v. Let j be (-32)/6 - (-10)/(-15). Give m(j).
5
Let x(j) = -216*j + 200*j - 1 + 56*j**3 + 7*j**2 + 6 - 55*j**3. What is x(-9)?
-13
Let m be 80/(-50) - 12/(-20). Let v(x) = 7*x + 1. Determine v(m).
-6
Suppose 4*s = 3*s + 93. Suppose -6*b + s = 261. Let w = b - -24. Let k(q) = 2*q + 2. What is k(w)?
-6
Let h(j) = -6*j**3 - 2*j**2 - j. Suppose -9*t - 250 + 241 = 0. What is h(t)?
5
Suppose 3*a + w = -7, -4*w - 9 - 3 = 4*a. Let o(q) = -2*q**2 - 3*q. Determine o(a).
-2
Let c(t) = -6*t**2 + t + 2. Let x = -271 - -190. Let o = 83 + x. Calculate c(o).
-20
Suppose -3*b + 12 = 4*j, -5*b - 5*j + 10 = -10. Let g = b - 2. Let f(i) = -g*i - 2*i**2 - 19 + 0*i**3 - i**3 + 15. Give f(-3).
11
Let l(q) = 15*q**3 + q**2 - q + 1. Suppose -3 = -11*d + 8. Give l(d).
16
Let g(n) be the third derivative of 0 - 1/60*n**5 - 1/6*n**4 - 2*n**2 - 1/2*n**3 + 0*n. Give g(-4).
-3
Let j(d) = -2. Let q(h) = 17*h - 102. Let c(k) = 51*j(k) - q(k). Calculate c(1).
-17
Suppose -4*g - 3 = -7*g. Let i be g + -9 + 12/3. Let q(o) be the third derivative of -o**6/120 - o**5/10 - 5*o**4/24 + o**2. Calculate q(i).
-12
Let l(f) = -f**3 + 6*f**2 + 7*f + 11. Let m be l(7). Let s(t) = t + m - 3*t + 0*t - 8. Calculate s(-6).
15
Let d(a) be the third derivative of -a**4/6 + 11*a**3/3 - 295*a**2. Calculate d(8).
-10
Let m(n) = n**3 + 3*n**2 - n + 4. Let v(k) = -k**2 + 13*k - 14. Let l be v(12). Let p be -1*(1 - l) + (2 - 2). What is m(p)?
7
Let s(p) = -7*p**2 - 2*p + 1. Suppose 0 = w - 5*h + 6 - 9, 0 = -w + 3*h + 1. Give s(w).
-23
Let h(w) = 0*w**2 + 134 - 67 - 63 + 10*w + w**2. Calculate h(-5).
-21
Suppose 10*w - 8 = 6*w, -44 = -3*h - w. Let u(y) = y**3 - 13*y**2 - 14*y - 1. Give u(h).
-1
Let y(h) be the first derivative of h**7/840 - h**6/90 + h**5/60 - h**4/6 + 11*h**3/3 - 13. Let n(v) be the third derivative of y(v). Determine n(3).
-7
Let h = 4358 + -4352. Let u(l) = -9 + 7*l - 3 - 9 - 17*l**2 - 3*l**3. Let c(n) = 2*n**3 + 9*n**2 - 4*n + 11. Let x(z) = 5*c(z) + 3*u(z). Determine x(h).
-2
Let k(o) = 504086*o - 504087*o - 1 + 2. Suppose 5*g + 7 = -2*q + 1, -3*g - 4 = q. What is k(g)?
3
Let c(z) = 4*z - 198 + 197 - 2*z. Calculate c(-2).
-5
Let r be 8/(-3)*6/4. Let w(x) = -4*x**2 + 3*x - 9. Let i(h) = -h**2 + 2*h - 2. Let g(b) = 6*i(b) - 2*w(b). Give g(r).
14
Let f = -39 + 41. Let r be 2*(-1)/f*-1. Let i(s) = -3*s**2. Determine i(r).
-3
Let s be -8*1 + 1 + -4. Let p = -8 - s. Let u(d) be the second derivative of d**4/12 - 2*d**2 - 2*d - 84. Give u(p).
5
Let n(g) = 3*g. Let j be n(5). Suppose -3*b + 6*b + l - 12 = 0, l = 2*b - 8. Suppose -b*i - j = i. Let p(f) = -f**2 - 2*f - 4. Give p(i).
-7
Suppose 77*s + 30 = 72*s. Let v be 22/(-5) + s/(-15). Let g(z) = 2*z + 3. Determine g(v).
-5
Let k(g) = g - 4. Suppose -21 = 3*x - 0*x. Let t = 13 + x. Calculate k(t).
2
Let i(w) = -2*w**2 - 12*w + 24 + 8*w - 6 + w**2 + 5. Calculate i(-7).
2
Let i(f) = 4*f**2 + 2*f - 14. Let m(o) = 2*o**2 + o - 6. Let p(z) = -2*i(z) + 5*m(z). Calculate p(2).
8
Let w(k) = -6*k - 5 + 2*k - 4 + 0 + 3*k. Give w(-6).
-3
Let t(q) be the second derivative of q**3/6 - 7*q**2/2 + 6*q - 3. Calculate t(3).
-4
Let i(b) be the second derivative of -1/2*b**2 - 14*b + 0 - 1/6*b**3. Give i(-1).
0
Let r be 58/8 + (-2)/8. Suppose 2*u - 3*z - 37 - 23 = 0, 5*z = -2*u + 76. Let t(a) = 2 + a**2 + u*a - 41*a + 0 - 3. Give t(r).
-8
Let f(l) = 4*l + 15. Let o(m) = -m - 1. Let a(b) = f(b) + 3*o(b). Let w be a(-11). Let v(u) = -2*u - 1. Let z be v(w). Let k(y) = y**3 - 4*y. Determine k(z).
-15
Let u = -2518 + 2524. Let g(q) be the third derivative of 0*q + 1/2*q**3 - q**2 + 0 - 1/24*q**4. Calculate g(u).
-3
Let j(d) = 3*d + 3. Let y(z) = 2*z + 2. Let l = -16 + 19. Let r(t) = l*j(t) - 5*y(t). Give r(1).
-2
Let z(i) = -i - 2. Let n be z(2). Let w be n + (2 - (0 - -1)). Let h(l) = 3*l**2 + 19 + 21 - 44 + 2*l**3 + l - l**3. What is h(w)?
-7
Let o(l) = -7*l + 6*l + 40 - 41. Let r be 0 - ((-12)/(-4) - -3). Give o(r).
5
Suppose -2*o + o = -3. Suppose m + 3 = w, -w - w = -o*m - 11. Let u(k) be the first derivative of -2*k**2 - 3*k - 2. What is u(w)?
5
Let g(d) = 2*d**2 + 22*d + 16. Let m be g(-11). Suppose s = 4*u - m, 3*u - 12 = -s - s. Let x(i) = i - 8. Give x(s).
-8
Suppose 2*o - o = 0. Suppose 0 = -o*l + l - 5. Let u(g) = g**3 - 4*g**2 - 5*g - 3. Calculate u(l).
-3
Suppose 0 = z + 3 - 0. Let p(l) = -2*l**2 - 2 - 17*l**3 - 1 + 16*l**3 + l. Determine p(z).
3
Let k(q) = 5*q**2 + 19*q - 1. Let r(o) = o**2 + 3*o. Let a(l) = -k(l) + 6*r(l). Determine a(5).
21
Let i(f) = 2*f - 5 + 0*f + 0*f. Let c(p) = -2*p - 12. Let b be c(-8). Suppose m + 7 + 16 = b*k, -2*k = -3*m - 19. Give i(k).
5
Let o(c) be the second derivative of c**5/20 + c**4/6 - 2*c**3/3 - 3*c**2/2 + 79*c. Determine o(-3).
0
Let a(b) = 1 + 439*b - 223*b - 217*b - b**3 + b**2. What is a(2)?
-5
Let g(t) be the first derivative of t**2/2 - 11*t + 338. Let v(h) = -2*h - 1. Let o be v(-6). Calculate g(o).
0
Let p(l) = -3*l**2 + 3 - 3*l + 1 + 2*l**2. Suppose 0 = -2*t - t + 63. Let y be (-14)/t*(-30)/(-4). Determine p(y).
-6
Let q(x) = 4 - 2*x**2 + 2 + 4*x - 4. Suppose -4*o + 4*t = -32, -5*o = 10*t - 13*t - 32. Give q(o).
-14
Let s(l) = l**3 - 7*l**2 + 6*l - 3. Let y = 17 + -11. What is s(y)?
-3
Let l(p) = 0 - 2 + 42*p - 26*p - p**3 - 4*p**2 - 9*p + 4. Suppose -2*s - 9 = 1. Determine l(s).
-8
Let o = -15 + 20. Suppose -o*b = -12 + 2. Let u(x) be the third derivative of x**5/60 + x**4/24 + x**3/3 + x**2. Determine u(b).
8
Let k(r) = 26*r**2 + 4*r - 11. Let t(b) = 41*b**2 + 6*b - 17. Let w(m) = -8*k(m) + 5*t(m). Let f(d) = -d + 3. Let i be f(6). Give w(i).
-18
Let u(l) = l - 68. Let s(w) = 2*w - 157. Let d(c) = -3